{"version":"1.0","provider_name":"Einstein-Teleskop","provider_url":"https:\/\/www.einsteintelescope-emr.eu\/de","author_name":"VanOns","author_url":"https:\/\/www.einsteintelescope-emr.eu\/de\/author\/vanons\/","title":"Einstein-Teleskop im NRW-Koalitionsvertrag\u00a0 - Einstein-Teleskop","type":"rich","width":600,"height":338,"html":"<blockquote class=\"wp-embedded-content\" data-secret=\"K8wzbHew32\"><a href=\"https:\/\/www.einsteintelescope-emr.eu\/de\/2022\/07\/19\/einstein-teleskop-im-nrw-koalitionsvertrag\/\">Einstein-Teleskop im NRW-Koalitionsvertrag\u00a0<\/a><\/blockquote><iframe sandbox=\"allow-scripts\" security=\"restricted\" src=\"https:\/\/www.einsteintelescope-emr.eu\/de\/2022\/07\/19\/einstein-teleskop-im-nrw-koalitionsvertrag\/embed\/#?secret=K8wzbHew32\" width=\"600\" height=\"338\" title=\"&#8222;Einstein-Teleskop im NRW-Koalitionsvertrag\u00a0&#8220; &#8211; Einstein-Teleskop\" data-secret=\"K8wzbHew32\" frameborder=\"0\" marginwidth=\"0\" marginheight=\"0\" scrolling=\"no\" class=\"wp-embedded-content\"><\/iframe><script type=\"text\/javascript\">\n\/* <![CDATA[ *\/\n\/*! This file is auto-generated *\/\n!function(d,l){\"use strict\";l.querySelector&&d.addEventListener&&\"undefined\"!=typeof URL&&(d.wp=d.wp||{},d.wp.receiveEmbedMessage||(d.wp.receiveEmbedMessage=function(e){var t=e.data;if((t||t.secret||t.message||t.value)&&!\/[^a-zA-Z0-9]\/.test(t.secret)){for(var s,r,n,a=l.querySelectorAll('iframe[data-secret=\"'+t.secret+'\"]'),o=l.querySelectorAll('blockquote[data-secret=\"'+t.secret+'\"]'),c=new RegExp(\"^https?:$\",\"i\"),i=0;i<o.length;i++)o[i].style.display=\"none\";for(i=0;i<a.length;i++)s=a[i],e.source===s.contentWindow&&(s.removeAttribute(\"style\"),\"height\"===t.message?(1e3<(r=parseInt(t.value,10))?r=1e3:~~r<200&&(r=200),s.height=r):\"link\"===t.message&&(r=new URL(s.getAttribute(\"src\")),n=new URL(t.value),c.test(n.protocol))&&n.host===r.host&&l.activeElement===s&&(d.top.location.href=t.value))}},d.addEventListener(\"message\",d.wp.receiveEmbedMessage,!1),l.addEventListener(\"DOMContentLoaded\",function(){for(var e,t,s=l.querySelectorAll(\"iframe.wp-embedded-content\"),r=0;r<s.length;r++)(t=(e=s[r]).getAttribute(\"data-secret\"))||(t=Math.random().toString(36).substring(2,12),e.src+=\"#?secret=\"+t,e.setAttribute(\"data-secret\",t)),e.contentWindow.postMessage({message:\"ready\",secret:t},\"*\")},!1)))}(window,document);\n\/* ]]> *\/\n<\/script>\n","thumbnail_url":"https:\/\/www.einsteintelescope-emr.eu\/de\/wp-content\/uploads\/sites\/2\/2023\/07\/ETRenderingsVideo15_web-scaled-1.jpg","thumbnail_width":2560,"thumbnail_height":1439,"description":"Die nordrhein-westf\u00e4lische Landesregierung wird sich f\u00fcr das Einstein-Teleskop in der Grenzregion zu Deutschland, Belgien und den Niederlanden engagieren. Zu diesem Zweck wird sie sich auch f\u00fcr eine finanzielle Unterst\u00fctzung durch die Bundesregierung in Deutschland einsetzen. Die politischen Parteien CDU und Gr\u00fcne haben diese Zusage in den Koalitionsvertrag aufgenommen, den sie im Juni vorgelegt haben. Dieser [&hellip;]"}

Die nordrhein-westfälische Landesregierung wird sich für das Einstein-Teleskop in der Grenzregion zu Deutschland, Belgien und den Niederlanden engagieren. Zu diesem Zweck wird sie sich auch für eine finanzielle Unterstützung durch die Bundesregierung in Deutschland einsetzen. Die politischen Parteien CDU und Grüne haben diese Zusage in den Koalitionsvertrag aufgenommen, den sie im Juni vorgelegt haben. Dieser [&hellip;]
