{"version":"1.0","provider_name":"Einstein Telescope","provider_url":"https:\/\/www.einsteintelescope-emr.eu\/fr","author_name":"Dewi Andoetoe","author_url":"https:\/\/www.einsteintelescope-emr.eu\/fr\/author\/dewiandoetoe\/","title":"\u00ab Un levier pour l\u2019avenir \u00bb - Einstein Telescope","type":"rich","width":600,"height":338,"html":"<blockquote class=\"wp-embedded-content\" data-secret=\"nGc9XFVwfQ\"><a href=\"https:\/\/www.einsteintelescope-emr.eu\/fr\/2024\/08\/19\/un-levier-pour-lavenir\/\">\u00ab Un levier pour l\u2019avenir \u00bb<\/a><\/blockquote><iframe sandbox=\"allow-scripts\" security=\"restricted\" src=\"https:\/\/www.einsteintelescope-emr.eu\/fr\/2024\/08\/19\/un-levier-pour-lavenir\/embed\/#?secret=nGc9XFVwfQ\" width=\"600\" height=\"338\" title=\"\u00ab\u00a0\u00ab Un levier pour l\u2019avenir \u00bb\u00a0\u00bb &#8212; Einstein Telescope\" data-secret=\"nGc9XFVwfQ\" frameborder=\"0\" marginwidth=\"0\" marginheight=\"0\" scrolling=\"no\" class=\"wp-embedded-content\"><\/iframe><script type=\"text\/javascript\">\n\/* <![CDATA[ *\/\n\/*! This file is auto-generated *\/\n!function(d,l){\"use strict\";l.querySelector&&d.addEventListener&&\"undefined\"!=typeof URL&&(d.wp=d.wp||{},d.wp.receiveEmbedMessage||(d.wp.receiveEmbedMessage=function(e){var t=e.data;if((t||t.secret||t.message||t.value)&&!\/[^a-zA-Z0-9]\/.test(t.secret)){for(var s,r,n,a=l.querySelectorAll('iframe[data-secret=\"'+t.secret+'\"]'),o=l.querySelectorAll('blockquote[data-secret=\"'+t.secret+'\"]'),c=new RegExp(\"^https?:$\",\"i\"),i=0;i<o.length;i++)o[i].style.display=\"none\";for(i=0;i<a.length;i++)s=a[i],e.source===s.contentWindow&&(s.removeAttribute(\"style\"),\"height\"===t.message?(1e3<(r=parseInt(t.value,10))?r=1e3:~~r<200&&(r=200),s.height=r):\"link\"===t.message&&(r=new URL(s.getAttribute(\"src\")),n=new URL(t.value),c.test(n.protocol))&&n.host===r.host&&l.activeElement===s&&(d.top.location.href=t.value))}},d.addEventListener(\"message\",d.wp.receiveEmbedMessage,!1),l.addEventListener(\"DOMContentLoaded\",function(){for(var e,t,s=l.querySelectorAll(\"iframe.wp-embedded-content\"),r=0;r<s.length;r++)(t=(e=s[r]).getAttribute(\"data-secret\"))||(t=Math.random().toString(36).substring(2,12),e.src+=\"#?secret=\"+t,e.setAttribute(\"data-secret\",t)),e.contentWindow.postMessage({message:\"ready\",secret:t},\"*\")},!1)))}(window,document);\n\/* ]]> *\/\n<\/script>\n","thumbnail_url":"https:\/\/www.einsteintelescope-emr.eu\/fr\/wp-content\/uploads\/sites\/3\/2024\/08\/PhotosMMoutschen-32.jpg","thumbnail_width":2000,"thumbnail_height":1331,"description":"Michel Moutschen, vice-recteur \u00e0 la recherche de l\u2019Universit\u00e9 de Li\u00e8ge (ULi\u00e8ge) nous parle de l'impact potentiel de l'Einstein Telescope (ET), de l'implication de ULi\u00e8ge dans ce projet r\u00e9volutionnaire, ainsi que de sa vision personnelle et de ses affinit\u00e9s avec cet instrument scientifique d'envergure."}

Michel Moutschen, vice-recteur à la recherche de l’Université de Liège (ULiège) nous parle de l'impact potentiel de l'Einstein Telescope (ET), de l'implication de ULiège dans ce projet révolutionnaire, ainsi que de sa vision personnelle et de ses affinités avec cet instrument scientifique d'envergure.
